or of 27 and 9099?
27
What is the greatest common factor of 80 and 76?
4
What is the highest common divisor of 395 and 1106?
79
Calculate the greatest common factor of 119 and 136.
17
What is the greatest common factor of 49 and 14?
7
Calculate the greatest common factor of 176 and 484.
44
What is the greatest common factor of 6112 and 3247?
191
What is the greatest common divisor of 88 and 8?
8
Calculate the highest common factor of 5522 and 22.
22
What is the greatest common divisor of 6466 and 53?
53
Calculate the greatest common factor of 384 and 2432.
128
What is the greatest common factor of 2 and 608?
2
Calculate the highest common divisor of 70 and 25270.
70
What is the highest common factor of 6 and 723?
3
Calculate the highest common divisor of 99 and 45.
9
What is the highest common factor of 8 and 1898?
2
Calculate the highest common divisor of 57 and 513.
57
Calculate the highest common factor of 100 and 25.
25
What is the highest common divisor of 35 and 2765?
35
Calculate the greatest common factor of 781 and 11.
11
Calculate the highest common factor of 1885 and 2175.
145
What is the greatest common divisor of 357 and 255?
51
What is the greatest common divisor of 2074 and 610?
122
Calculate the highest common factor of 72 and 369.
9
Calculate the greatest common divisor of 96 and 36.
12
What is the greatest common factor of 1525 and 122?
61
Calculate the highest common divisor of 10515 and 60.
15
What is the highest common divisor of 15713 and 38?
19
Calculate the greatest common factor of 799 and 119.
17
What is the highest common factor of 70 and 1974?
14
Calculate the greatest common divisor of 90 and 567.
9
Calculate the greatest common factor of 87 and 4611.
87
Calculate the highest common divisor of 782 and 68.
34
Calculate the highest common divisor of 2 and 16.
2
Calculate the highest common factor of 4617 and 114.
57
What is the highest common divisor of 68 and 2278?
34
Calculate the highest common factor of 1883 and 77.
7
What is the highest common divisor of 110 and 385?
55
What is the highest common divisor of 258 and 430?
86
What is the highest common divisor of 45 and 765?
45
Calculate the highest common divisor of 24 and 6056.
8
What is the highest common factor of 420 and 12?
12
Calculate the highest common divisor of 351 and 104.
13
What is the highest common divisor of 2912 and 52?
52
What is the greatest common divisor of 144 and 64?
16
What is the greatest common divisor of 49 and 1421?
49
What is the highest common factor of 119 and 70?
7
Calculate the highest common factor of 508 and 9017.
127
Calculate the greatest common divisor of 1246 and 28.
14
What is the greatest common factor of 36 and 1052?
4
Calculate the highest common divisor of 44 and 396.
44
What is the greatest common divisor of 80 and 1240?
40
What is the highest common factor of 72 and 6312?
24
Calculate the highest common divisor of 564 and 42.
6
What is the greatest common divisor of 84 and 192?
12
Calculate the highest common divisor of 32 and 19840.
32
Calculate the greatest common factor of 27 and 75.
3
Calculate the highest common factor of 28 and 3.
1
What is the highest common divisor of 7 and 4585?
7
What is the highest common factor of 230 and 50?
10
Calculate the highest common divisor of 172 and 39044.
172
Calculate the greatest common divisor of 85 and 544.
17
What is the greatest common divisor of 42 and 270?
6
Calculate the highest common factor of 81 and 36.
9
What is the highest common factor of 261 and 486?
9
Calculate the highest common factor of 32 and 32.
32
What is the greatest common factor of 259 and 7?
7
Calculate the highest common divisor of 47 and 752.
47
Calculate the highest common divisor of 192 and 6.
6
What is the highest common factor of 38 and 1026?
38
What is the greatest common divisor of 50 and 250?
50
Calculate the highest common divisor of 5112 and 18.
18
Calculate the highest common factor of 29 and 5191.
29
What is the highest common divisor of 1 and 47?
1
Calculate the highest common divisor of 753 and 8032.
251
Calculate the greatest common factor of 11 and 1793.
11
Calculate the greatest common divisor of 1206 and 72.
18
What is the greatest common factor of 80 and 5000?
40
Calculate the greatest common divisor of 4961 and 287.
41
What is the greatest common factor of 255 and 4080?
255
Calculate the highest common divisor of 351 and 405.
27
Calculate the highest common factor of 22117 and 51.
17
What is the highest common divisor of 66 and 5962?
22
What is the greatest common divisor of 4838 and 354?
118
What is the greatest common divisor of 2 and 9?
1
What is the highest common divisor of 928 and 290?
58
Calculate the highest common divisor of 285 and 380.
95
Calculate the greatest common divisor of 19 and 30571.
19
Calculate the highest common divisor of 232 and 986.
58
Calculate the greatest common factor of 45 and 95.
5
What is the highest common factor of 25 and 54200?
25
What is the greatest common factor of 5542 and 136?
34
What is the greatest common divisor of 178 and 979?
89
Calculate the greatest common divisor of 2844 and 72.
36
Calculate the highest common divisor of 400 and 50.
50
What is the greatest common divisor of 15 and 95?
5
What is the greatest common divisor of 783 and 870?
87
Calculate the highest common divisor of 8 and 1632.
8
What is the greatest common divisor of 675 and 25?
25
What is the greatest common divisor of 518 and 70?
14
What is the highest common factor of 177 and 17877?
177
Calculate the highest common factor of 4708 and 22.
22
What is the highest common divisor of 744 and 288?
24
Calculate the highest common factor of 530 and 590.
10
What is the highest common divisor of 222 and 6?
6
Calculate the highest common factor of 474 and 42.
6
Calculate the greatest common divisor of 3357 and 72.
9
What is the greatest common divisor of 936 and 576?
72
What is the greatest common factor of 44 and 121?
11
What is the highest common factor of 279 and 31?
31
What is the highest common divisor of 52 and 598?
26
What is the highest common factor of 24 and 16?
8
Calculate the greatest common divisor of 11 and 3091.
11
What is the highest common factor of 494 and 38?
38
Calculate the greatest common divisor of 2 and 349.
1
Calculate the highest common divisor of 2535 and 546.
39
Calculate the highest common factor of 30 and 70.
10
Calculate the highest common divisor of 2952 and 288.
72
Calculate the greatest common divisor of 84 and 399.
21
Calculate the greatest common factor of 10 and 24930.
10
Calculate the highest common factor of 17595 and 51.
51
What is the highest common factor of 2180 and 140?
20
Calculate the greatest common divisor of 202 and 28.
2
What is the highest common factor of 22 and 110?
22
Calculate the highest common divisor of 1384 and 104.
8
Calculate the highest common divisor of 5251 and 531.
59
What is the highest common divisor of 145 and 5?
5
What is the highest common factor of 2920 and 40?
40
Calculate the highest common factor of 8611 and 109.
109
Calculate the greatest common factor of 407 and 11.
11
Calculate the highest common divisor of 42 and 903.
21
What is the highest common divisor of 168 and 49?
7
What is the greatest common factor of 3053 and 923?
71
Calculate the greatest common divisor of 170 and 1310.
10
What is the greatest common divisor of 16 and 276?
4
Calculate the highest common factor of 1311 and 138.
69
Calculate the highest common divisor of 178 and 12015.
89
Calculate the greatest common divisor of 2781 and 18.
9
What is the greatest common factor of 10 and 1090?
10
Calculate the highest common factor of 54 and 2556.
18
What is the greatest common divisor of 4100 and 6?
2
What is the highest common divisor of 171 and 19?
19
Calculate the greatest common factor of 7456 and 32.
32
Calculate the greatest common divisor of 34 and 17.
17
What is the highest common factor of 245 and 50?
5
Calculate the greatest common divisor of 15 and 11715.
15
Calculate the highest common divisor of 119 and 1972.
17
Calculate the highest common divisor of 16950 and 200.
50
Calculate the highest common factor of 50 and 12850.
50
Calculate the highest common factor of 50 and 290.
10
What is the greatest common factor of 1912 and 8?